n s is divided by w.
10
Suppose -4*h = 0, 0 = 4*x + 2*h + 257 + 147. Let k = x + 106. Suppose 2*l = -t + 29, 2*t + 3 = -k*l + 76. What is the remainder when 29 is divided by l?
14
Suppose 85*u - 222289 - 3811 = 0. Calculate the remainder when u is divided by 72.
68
Suppose 119*h = 28501 + 38853. Calculate the remainder when 1167 is divided by h.
35
Let p be ((-54)/(-15))/((-10)/(-25)). Suppose 0 = 3*j - p, 2*r + r + j = 1125. Suppose -n + r = 10*n. Calculate the remainder when n is divided by 19.
15
Let n(h) = 60*h**3 + 7 - 7*h - 4*h**2 + 2*h**2 - 61*h**3 + 0*h**2. Calculate the remainder when n(-7) is divided by 38.
35
Let r(t) = t**3 + 17*t**2 - 148*t + 1316. Let m = -31 - -55. Calculate the remainder when m is divided by r(-25).
8
Suppose -18*z + 12 = -14*z, 4*z + 132 = 3*s. What is the remainder when 2206 is divided by s?
46
Let j = -4179 - -4890. Calculate the remainder when j is divided by 34.
31
Suppose -26 + 176 = 25*q. Calculate the remainder when 27 is divided by (q/4)/(65/50 - 1).
2
Let b = 91 + -61. Let k(m) = -m**3 - 6*m**2 - 13*m - 7. Let q be k(-5). Suppose -3*w + q = -b. Calculate the remainder when w is divided by 10.
1
Let d(o) = o**3 - 4*o**2 + 2*o + 7. Suppose 560 - 3721 = -109*x. What is the remainder when d(5) is divided by x?
13
Suppose 5*r + 755 = 1670. What is the remainder when r is divided by 72/(-2)*-1 - (3 + -4)?
35
Let i = -296 + 325. What is the remainder when 15050 is divided by i?
28
Let c(q) = 121*q - 324. Calculate the remainder when c(3) is divided by 13.
0
Let c(x) = 81*x + 568. What is the remainder when c(0) is divided by 110?
18
Calculate the remainder when (-36)/(-414) - 86313/(-69) - 6 is divided by 78.
75
Let u(a) be the third derivative of 7*a**5/60 - 17*a**4/24 + 13*a**3/2 - a**2 - 13. What is the remainder when u(4) is divided by 22?
17
Suppose -2*j = 4*c + 10, 2*c + 5*j = c - 16. Let u be (0 - 0)/(c*1) - -60. Let m = -39 + u. Calculate the remainder when 83 is divided by m.
20
Suppose 0*s - 4*s - 24 = 0. Let v = s - -1. What is the remainder when 18 is divided by ((-3 - -2) + 0)*(v - 0)?
3
Let j = -7938 + 8511. Calculate the remainder when j is divided by 87.
51
Let a(q) = 5*q + 11. Let f be a(-12). Let b = f - -44. Calculate the remainder when 17 is divided by 3*b/(15/(-3)).
2
Suppose 0 = 4*z - 346 - 1790. Suppose h + z = -6*j + j, -j - 5*h - 102 = 0. Let i = -66 - j. What is the remainder when 120 is divided by i?
38
Suppose 31627 + 41741 = -9*z. Let f = 2326 + z. What is the remainder when (-8)/(-36) - f/27 is divided by 31?
30
Let i(k) = 3*k**2 - 5*k. Let d = 1262 + -1197. Calculate the remainder when i(10) is divided by d.
55
Let l(d) be the third derivative of 5*d**4/24 + 23*d**3/2 - 117*d**2 - 2*d. Calculate the remainder when l(-9) is divided by 11.
2
Suppose 5*k + 14 - 34 = 0, 5*m - 44099 = -11*k. What is the remainder when m is divided by 7?
5
What is the remainder when (-341164)/(-108) - (-22)/297 is divided by 158?
157
Suppose -l = 10*l. Suppose 9*c - 45 - 9 = l. Calculate the remainder when 35 is divided by ((-78)/(-18))/(2/c).
9
Let f = 119 + -110. Calculate the remainder when 137 is divided by ((-225)/(-20))/f*28.
32
Let l(m) = -62*m + 1. Let v be l(-1). Let g = 261 - v. Let a(h) = h + 40. What is the remainder when g is divided by a(10)?
48
Let u = 2319 + -1599. What is the remainder when u is divided by 149?
124
Let w = 8352 + -2242. What is the remainder when w is divided by 63?
62
Suppose 11 = 3*i + h, -2*i - 9*h + 12*h = 11. Suppose -i*g = -20 - 34. Calculate the remainder when g is divided by (-6 - 2/(-2))*-2.
7
Let u(l) = -34*l**3 - 4*l**2 - 63*l - 217. What is the remainder when u(-5) is divided by 2115?
18
Calculate the remainder when (-33)/(429/(-23933)) - 24 is divided by 87.
77
Suppose -2*h = 14 + 394. Let a = 245 + h. What is the remainder when 114 is divided by a?
32
Let i = -228 + 227. Let b(k) = 12*k**2 - 2*k - 1. What is the remainder when 147 is divided by b(i)?
4
Let z(y) be the third derivative of 0 + 5*y**3 + 1/8*y**4 + 0*y - 31*y**2. Calculate the remainder when z(-7) is divided by 4.
1
Suppose 4*j - 229*l + 226*l = 482, 2*j = 5*l + 248. Calculate the remainder when j is divided by 34.
17
Let h be (-1)/(-5) + (-285)/(-75). Suppose -89 = -h*q + 5*f - 10, -f - 125 = -5*q. What is the remainder when 153 is divided by q?
23
Let a = 4730 - 4178. What is the remainder when a is divided by 115?
92
Suppose 0 = -5*i + 2*i + 5967. Suppose 119*a - 102*a = i. Calculate the remainder when a is divided by 20.
17
Let h = -157 - -216. Let o = h + -43. Suppose 5*d - 3*d - 88 = 0. What is the remainder when d is divided by o?
12
Let t = 48 - 45. Let z be 3/(t/(-60) + (-16)/(-20)). Calculate the remainder when 37 is divided by (9/(36/20))/(2/z).
7
Let j(k) = 5*k + 3. What is the remainder when (-27)/(-45) + 7777/55 is divided by j(3)?
16
Let k = -21 + 110. Let u = k - 89. Suppose u = -r + 4*r - 132. What is the remainder when r is divided by 24?
20
Suppose 2*y + 2334 = 4*y. Let p = 143722 + -143677. Calculate the remainder when y is divided by p.
42
Let b(m) = 1911*m - 5089. Calculate the remainder when b(4) is divided by 18.
17
Suppose -m - 134 = -4*w, 4*w + 159 = -3*m - 163. Let p = 246 + m. What is the remainder when p is divided by 41?
9
Let i(a) = a**2 - 19*a - 38. Suppose -2*n = 6*n - n. Suppose -3*o - 5*o + 128 = n. Calculate the remainder when o is divided by i(21).
0
Let b = 302 + -169. Let c = 196 - b. What is the remainder when c is divided by 22?
19
Let l(f) = -2*f + 33. Let g be l(18). Let j be g*55/((-15)/3). Suppose j = c - 4*d, -d = -3*c + d + 109. What is the remainder when c is divided by 10?
7
Let g = 375957 + -586107. Calculate the remainder when ((-2)/(-6))/(-15*5/g) is divided by 17.
16
Let y(b) = 7*b**2 + b - 9. Let r(z) = z**2 - z + 1. Let q(j) = -6*r(j) + 3*y(j). What is the remainder when q(3) is divided by 28?
17
Suppose 135 + 558 = 11*o. Let f = 25 + o. What is the remainder when f is divided by 32?
24
Suppose 0 = 4*l + 3060 - 3016, -4*z - 3*l + 267 = 0. Calculate the remainder when 137 - 2*(4 - 3) is divided by z.
60
Let f = 17295 + -17128. Calculate the remainder when 11353 is divided by f.
164
Let o = -1411 + 1432. Calculate the remainder when 523 is divided by o.
19
Let y(w) = -w**2 + w + 59. Suppose -16*v + 18*v = 3*r - 172, -3*v + 12 = 0. What is the remainder when r is divided by y(-6)?
9
Let h(d) = d**2 - 30*d + 321. Calculate the remainder when h(18) is divided by 38.
29
Let t = -22 - -32. Suppose 0*i + 60 = t*i. Suppose -2*z + b = -4, -2*z - 3*b = -i*b. What is the remainder when 9 is divided by z?
0
Let s = -18 + 32. Suppose 7*q = -s - 0. Calculate the remainder when 33 is divided by (-264)/(-15) + q/20*6.
16
Let a = -5431 - -5508. Calculate the remainder when 491 is divided by a.
29
Suppose 4*p + 10 = q + 1, -3*q = -2*p - 7. Let h be q/(-2)*3*66/9. Calculate the remainder when (-6056)/(-88) + (-2)/h is divided by 24.
21
Suppose 7*s - 9*s = 3*y - 11, -4*s = y + 3. Calculate the remainder when 109 is divided by y.
4
Let w = 1081 - 893. Calculate the remainder when 455 is divided by w.
79
Let j = 131 + -133. What is the remainder when 221 is divided by (45/j)/((-4)/8)?
41
Let x(l) = 5*l**3 + 19*l**2 - 11*l - 17. What is the remainder when 563 is divided by x(-4)?
2
Suppose 15*f = -28*f - 15*f + 1276. What is the remainder when 1204 is divided by f?
16
Let z(w) = w**3 - 5*w**2 + 5*w - 5. What is the remainder when 17193/(-1042)*(-40)/6 is divided by z(5)?
10
Suppose 2764*o = 2841*o - 18095. Calculate the remainder when o is divided by 217.
18
Suppose -a + 105 = 4*a. Suppose -821*v + 801*v = -420. Calculate the remainder when a is divided by v.
0
Suppose -5*r = -7*p - 23246, 224*r - 223*r - p = 4652. What is the remainder when r is divided by 111?
108
Let a = -6 - -59. Let s = -23 + a. Let b = -587 - -607. Calculate the remainder when s is divided by b.
10
Let l be ((-3)/(15/16))/((-24)/(-480)). What is the remainder when (7 - (-248)/(-32))*l is divided by 18?
12
Let u = 1958 + -1881. Let d = 84 - 55. Calculate the remainder when u is divided by (-2 + d)*(1 - 0).
23
Let q = 78 + -69. Let p be (-3)/4*(-6)/q*0. Suppose p = 10*i - 2*i - 184. Calculate the remainder when 113 is divided by i.
21
Let g(u) = 2*u**3 - 74*u**2 - 67*u - 210. Suppose 